base 4) to base 5.
-212032
300040 (base 6) to base 12
11620
Convert 11644 (base 9) to base 15.
24b1
What is 33532 (base 8) in base 14?
5242
Convert 11712 (base 15) to base 4.
31210220
Convert 8a7 (base 16) to base 2.
100010100111
Convert 217 (base 8) to base 16.
8f
Convert 6995 (base 11) to base 8.
21733
What is 4a59 (base 15) in base 8?
36732
Convert -1289 (base 16) to base 12.
-28b5
What is 201442 (base 5) in base 11?
4977
-52c (base 15) to base 11
-971
222 (base 13) to base 5
2431
-1d14 (base 14) to base 3
-21021200
Convert 17 (base 15) to base 8.
26
What is -116052 (base 8) in base 12?
-1b176
What is 7279 (base 14) in base 6?
231123
Convert -33313 (base 6) to base 13.
-216c
What is 2c0 (base 13) in base 14?
274
What is 3200 (base 4) in base 12?
168
57 (base 13) to base 4
1020
Convert 453 (base 12) to base 2.
1001111111
What is -666 (base 8) in base 14?
-234
What is 29a0 (base 12) in base 7?
20130
Convert 4198 (base 15) to base 10.
13868
What is -10110000010 (base 2) in base 6?
-10310
-3555 (base 10) to base 7
-13236
What is 4b3 (base 14) in base 2?
1110101101
What is 185 (base 14) in base 5?
2223
Convert -862 (base 9) to base 16.
-2c0
-1040 (base 5) to base 3
-12101
Convert -26032 (base 7) to base 3.
-100102221
705 (base 9) to base 10
572
What is 21c (base 13) in base 16?
16b
Convert -1062 (base 10) to base 12.
-746
Convert 1037 (base 8) to base 16.
21f
-1a098 (base 11) to base 4
-12312122
Convert 11771 (base 9) to base 14.
2c5b
3320244 (base 5) to base 12
2939a
What is -22312 (base 6) in base 2?
-110001000100
What is 133210 (base 5) in base 9?
7403
Convert 75 (base 16) to base 8.
165
-7b26 (base 12) to base 9
-20723
Convert -13597 (base 14) to base 8.
-135221
Convert -534 (base 12) to base 7.
-2134
What is 5014 (base 11) in base 6?
50514
-2950 (base 12) to base 2
-1001011001100
Convert 19876 (base 11) to base 2.
110110000010111
-4044 (base 6) to base 10
-892
Convert 1100020 (base 3) to base 15.
453
1096 (base 13) to base 8
4420
What is -100000 (base 3) in base 14?
-135
-1286 (base 9) to base 13
-597
What is -163 (base 15) in base 12?
-226
What is 223321 (base 4) in base 3?
10212001
-111530 (base 6) to base 15
-2c26
-161 (base 15) to base 9
-381
Convert 41203 (base 5) to base 14.
d94
What is -3526 (base 12) in base 4?
-1130232
Convert -81 (base 16) to base 10.
-129
What is -605 (base 7) in base 15?
-14e
-160a (base 12) to base 5
-40402
-4456 (base 7) to base 6
-11241
What is 383 (base 16) in base 6?
4055
What is -3ba6 (base 13) in base 9?
-12700
What is -2200 (base 5) in base 16?
-12c
What is -2a27 (base 11) in base 13?
-1a11
-12101201 (base 3) to base 14
-1610
What is -d62 (base 15) in base 10?
-3017
-41a9 (base 13) to base 2
-10001110001000
What is 1335 (base 8) in base 11?
607
-18cd (base 15) to base 5
-132433
Convert 4213 (base 7) to base 4.
113020
What is -2535 (base 7) in base 11?
-7a0
Convert 20211300 (base 4) to base 11.
24486
Convert 160230 (base 7) to base 16.
7a64
1000111111100001 (base 2) to base 12
19395
7717 (base 10) to base 11
5886
Convert -4344 (base 9) to base 11.
-2449
Convert -445525 (base 7) to base 10.
-78811
Convert 110020 (base 3) to base 13.
1c5
What is -43124 (base 5) in base 14?
-10c2
What is c9c7 (base 16) in base 13?
1a686
Convert -5a70 (base 12) to base 7.
-41430
What is -131eb (base 15) in base 16?
-ef0c
Convert -1001121 (base 3) to base 5.
-11042
Convert 37c (base 15) to base 16.
318
What is dae (base 16) in base 9?
4721
Convert -135 (base 14) to base 12.
-183
What is -624a (base 13) in base 6?
-142514
-22420 (base 11) to base 15
-9935
What is 4505 (base 8) in base 14?
c17
What is 13760 (base 9) in base 10?
9369
Convert 101153 (base 6) to base 4.
1331331
What is 1330 (base 9) in base 5?
12444
-1709 (base 12) to base 7
-11001
What is -5454 (base 13) in base 10?
-11730
Convert 41150 (base 9) to base 10.
27099
-872c (base 13) to base 6
-223005
What is 11320332 (base 4) in base 11?
17143
What is -21410 (base 6) in base 11?
-224a
What is -10001000100 (base 2) in base 10?
-1092
What is 1001111111110011 (base 2) in base 12?
1b843
12220222 (base 3) to base 5
114234
743 (base 15) to base 7
4530
2733 (base 8) to base 16
5db
What is 4022 (base 6) in base 15?
3d8
234 (base 15) to base 7
1312
-51832 (base 9) to base 8
-102643
Convert 220010 (base 4) to base 11.
1a21
What is -5db (base 16) in base 3?
-2001112
114322 (base 5) to base 13
1c88
What is 111303 (base 5) in base 13?
1a51
Convert 490 (base 11) to base 7.
1462
10022210 (base 3) to base 10
2424
-111101101 (base 3) to base 4
-2120131
Convert 393 (base 12) to base 16.
21f
Convert 24340 (base 6) to base 5.
103323
-1c96 (base 13) to base 4
-1003330
What is 2cd (base 16) in base 5?
10332
Convert 1044 (base 5) to base 8.
225
Convert 1324314 (base 5) to base 12.
13642
What is 1551 (base 6) in base 14?
227
What is -10010010000 (base 2) in base 16?
-490
What is -23321 (base 4) in base 11?
-632
Convert 11011110111 (base 2) to base 7.
5125
What is 27b (base 13) in base 7?
1166
-120022 (base 3) to base 6
-1525
Convert -17c4 (base 15) to base 16.
-140e
What is 1511 (base 11) in base 10?
1948
What is -3ea6 (base 15) in base 9?
-20373
What is 110101101010010 (base 2) in base 6?
331110
Convert 192 (base 10) to base 12.
140
Convert 10022233 (base 5) to base 15.
1892d
15840 (base 13) to base 7
230250
Convert 11112 (base 3) to base 9.
145
Convert 242 (base 9) to base 5.
1300
3101 (base 6) to base 14
36d
Convert 643 (base 12) to base 5.
12130
Convert -92d (base 14) to base 10.
-1805
Convert -111111100001010 (base 2) to base 12.
-169a2
What is -2c3e (base 15) in base 7?
-36503
-173 (base 13) to base 12
-19b
What is 140164 (base 7) in base 8?
63612
What is -2320 (base 6) in base 10?
-552
-174 (base 10) to base 3
-20110
-6cee (base 16) to base 13
-c901
What is -523 (base 6) in base 7?
-366
Convert 5a3 (base 11) to base 7.
2044
What is 4022 (base 7) in base 5?
21023
What is 3b91 (base 12) in base 10?
6877
-123 (base 11) to base 7
-266
476 (base 10) to base 7
1250
Convert -422010 (base 5) to base 4.
-3122311
Convert 2312332 (base 5) to base 14.
1122c
Convert 953 (base 15) to base 14.
aa3
3630 (base 11) to base 5
123002
What is -3204041 (base 5) in base 15?
-10d66
What is 1624 (base 7) in base 6?
3011
What is -721 (base 12) in base 4?
-100021
-9 (base 15) to base 3
-100
Convert 150060 (base 7) to base 10.
28854
What is -23ba4 (base 12) in base 8?
-136354
What is -113303 (base 4) in base 13?
-902
What is 3230 (base 4) in base 14?
12c
2a0 (base 12) to base 10
408
What is -140 (base 8) in base 3?
-10120
What is -9a (base 11) in base 12?
-91
Convert -11010011010 (base 2) to base 11.
-12a7
10dc (base 15) to base 2
110111111110
What is -636 (base 9) in base 2?
-1000000111
Convert -224 (base 14) to base 16.
-1a8
-81c (base 15) to base 14
-947
253 (base 6) to base 3
10220
Convert -23188 (base 10) to base 13.
-a729
-3112 (base 6) to base 3
-221122
-4224 (base 8) to base 7
-6255
Convert 21311 (base 4) to base 11.
522
110011111100 (base 2) to base 12
1b10
What is 4aa2 (base 14) in base 3?
122221101
What is 104343 (base 6) in base 16?
2247
What is -548 (base 9) in base 7?
-1211
Convert -4747 (base 11) to base 8.
-14116
14073 (base 8) to base 16
183b
What is -10110100101 (base 2) in base 8?
-2645
Convert -10042 (base 5) to base 7.
-1613
10ab1 (base 12) to base 6
251141
What is 7423 (base 8) in base 6?
25511
-b93 (base 14) to base 13
-106a
What is -d93 (base 14) in base 16?
-a75
Convert 335a (base 12) to base 3.
21210121
Convert -233631 (base 7) to base 16.
-a4b2
-24a6 (base 11) to base 3
-11110211
What is 44 (base 5) in base 16?
18
Convert -24c (base 15) to base 9.
-640
-150 (base 9) to base 8
-176
What is -12 (base 4) in base 11?
-6
Convert 5272 (base 12) to base 14.
33dc
-2611 (base 7) to base 8
-1734
Convert -111002 (base 7) to base 9.
-28735
11001110001 (base 2) to base 10
1649
What is -33303120 (base 4) in base 9?
-107710
Convert 154b (base 14) to base 6.
25315
Convert -1023 (base 10) to base 9.
-1356
2250 (base 9) to base 16
681
2055 (base 12) to base 15
109b
1100101011010 (base 2) to base 5
201430
Convert -68 (base 16) to base 8.
-150
Convert -31b (base 12) to base 5.
-3310
What is 94b (base 12) in base 9?
1765
What is 3e9 (base 16) in base 11?
830
1705c (base 14) to base 4
32011222
What is 